 + (71 - (7 - 11))?
60
-63 + (38 - -69) + 60
104
Evaluate 4 + 2 + -5 + 47 - 0 - (-200 + 209).
39
What is 50 - 9 - (53 - -14)?
-26
What is -16 + (586 + -542 - (-5 + 3 + -11))?
41
What is the value of (39 + -35 - 25) + 16?
-5
-1 + 7 - (-122 + 132) - 38 - (26 - 38)
-30
What is -8 - 5 - (-7 - (-4 + -6 + -16))?
-32
What is 3 - (16 - 3) - (-439 - -462)?
-33
What is -48 - (-1 + (-12 - -22) + -27)?
-30
Calculate (118 - (102 - -113)) + 41.
-56
What is 15 + -1 - (-15 + (0 - -23) + 53)?
-47
17 + 49 + (-128 - -3) - (-3 + -1)
-55
Calculate -6 - ((-6 - (5 + -6)) + (48 - 86)).
37
Calculate (-7 + 6 - 1) + 15 + (12 - -11).
36
-10 - (21 - (55 - 18)) - 20
-14
Evaluate 4 + -33 - 1 - (-78 - -86).
-38
-3 + (93 - 6) + -51
33
-10 + (4 - 27) + (-72 - -90) + 21 + 0
6
What is the value of 177 + -172 - (6 - 2)?
1
-6 + (-8 - -7) + 11 - (7 + (-18 - -46))
-31
Calculate 4 + -11 - (-1 + 0 + -1 - 46).
41
What is 196 + (80 - 219) + -4?
53
What is -25 - (8 - (29 - 10)) - (-4 - (3 + -29))?
-36
What is (0 + -24 - -11) + (-2 + 50 - 4)?
31
Calculate 9 + 23 - (-19 - -79).
-28
-31 - -5 - ((-72 - -19) + -19)
46
What is -137 + 161 + -86 + 0 + 14 - (1 + 1)?
-50
What is the value of 6 + 77 + (681 - 651)?
113
What is the value of -3 - (4 - ((30 - 19) + 5))?
9
What is the value of -3 + (1 + 118 - (472 + -484)) + (13 - 1)?
140
Calculate (4 - (9 + (-23 - -18 - -17))) + 76.
59
What is the value of (1 - (-3 + -57)) + 5 + -2 + (2 - 6)?
60
What is -4 + (1 - -28 - (-10 + 14))?
21
What is -56 + 1 + (-317 - -168 - -114)?
-90
What is (2 - 2) + (-24 - -9) - -14?
-1
Calculate (-5 - -12 - -10) + 84 + (18 - 31).
88
What is (0 - (31 + -20)) + 44 - 8?
25
Evaluate 687 + -623 - (-6 + -1 + 36).
35
Evaluate 5 + -89 + (81 - 8).
-11
4 + (-80 + 64 - (-8 - -2)) + 16
10
What is 20 + (21 - (-14 + 9 + 26)) + -66?
-46
What is the value of (2 - (14 - 15)) + (-63 - -13) + (-1 - -9)?
-39
Calculate (-27 + 39 - -37) + -20 - -22.
51
Evaluate (-22 - (-1 + -6)) + (63 - -6) + -7.
47
What is the value of 393 + -401 - (-12 - -6 - (88 - 1))?
85
Calculate (111 - 52) + -67 + -31.
-39
Calculate -21 - (0 - (-3 - -1) - (-34 + 51)).
-6
What is -4 + 34 + -12 + -25 + -15?
-22
Evaluate 43 + -76 + (-55 - -25).
-63
What is the value of -9 - -29 - 7 - (-15 + 23 + -11) - -11?
27
What is 9 + (-70 - (0 + (2 - 21)))?
-42
Calculate (35 - 11) + 46 - (20 - 36).
86
-124 - 23 - (543 - 608)
-82
Calculate 96 + -71 + -2 + (-6 - 1).
16
-3 - 1 - (37 + -12) - (13 - 4) - -4
-34
Evaluate -6 - ((0 + 3 - 39) + (-2 - -21)).
11
43 + -19 + 37 - 17
44
Evaluate (-12 - (1 - -15)) + 529 + -417.
84
Calculate -61 - (-1 - -28 - (-194 + 225)).
-57
What is the value of 25 - -6 - (16 + -31 - 15 - -45)?
16
What is the value of -24 + (-7 - ((21 - 26 - (4 - 1)) + -2))?
-21
42 - (-34 + -36 + 76)
36
86 - (80 + (-84 - -26))
64
Evaluate 31 + (81 + (-63 - -38) - 19).
68
What is 3 - -1 - (-6479 - -6494)?
-11
Calculate 70 + -233 + 36 - (5 + -5 + 5).
-132
What is the value of (-11 - (-6 + (-35 - -17))) + 0?
13
Calculate 51 - (107 - 55) - -1.
0
Calculate -3 + -6 - (36 - 28) - (2 + -28).
9
Calculate 11 + -60 + 44 + -30.
-35
Evaluate -69 + 7 - (1141 - 1179).
-24
Calculate -2 - ((33 - 2) + 13 + -20 + 16).
-42
What is 5 + (16 - (21 - -15))?
-15
What is the value of -6 + 1 + -23 + 36 + -28 + 4?
-16
Evaluate 8 + 1 + 0 + (-1468 - -1462) + (1 - -3).
7
What is -9 + (3 - -1 - 7 - (104 + -115)) - -87?
86
-1 + (2 - 6 - -10) - (20 - 111 - -22)
74
What is the value of 2 + -4 + 2 + 3 - (7 + 6 - 44)?
34
What is the value of 60 + (172 - 182 - (3 - 3 - 0))?
50
What is (14 - 15) + 27 + -111 - (2 + 2 + -6)?
-83
Evaluate -8 + -15 + (44 - 22) + -22.
-23
Calculate -12 - (-155 + 152 - (0 - -9) - -43).
-43
What is 21 + -44 + 45 - (-133 - -16) - 2?
137
Calculate -17 - (-67 - -135) - (-3 - (-5 + 2)).
-85
19 + -2 - (16 + -1 - (19 + -12))
9
What is the value of -441 + 427 - (2 - 47)?
31
What is the value of 6 + 13 + 18 - -20 - (13 + -2)?
46
Evaluate 3 - (2 - -3) - (4055 + -3985).
-72
What is the value of (-19 - -17) + -68 + (-3 - (-8 - -12) - 0)?
-77
Evaluate 6 + 1 - (1178 - 1166) - 10.
-15
What is the value of -16 + -7 - (-16 + 10 + -57)?
40
What is 171 - (-4 + 13 + (219 - 189))?
132
What is the value of -49 + 66 + 61 + -60?
18
Evaluate -6 + 19 + -12 + 5 + (-85 - -48).
-31
17 - (-63 - -82 - -19)
-21
Evaluate (5 - (8 + -3 + (11 - 5)) - 2) + 8.
0
Evaluate (-81 + 26 - -18) + 72.
35
(-130 - (-10 - (-17 + 33 + -19))) + -3
-126
Calculate 5020 + -4907 - (19 + (-7 - -4 - -3)).
94
What is the value of 40 + ((-13 - 5) + 6 - (5 - 6))?
29
What is the value of -67 + 93 - 37 - (1 + 26 - 0)?
-38
What is the value of 22 - (173 + -188 + 3 + -4)?
38
What is -23 - (5 - 29 - (-40 - -17 - -13))?
-9
21 - 7 - (0 - (-6 + 0 + -30))
-22
What is the value of -35 + 33 + (-2 - (-4 - 9)) - (-1 - -21)?
-11
Calculate 6 + (28 - (-3 + 13)) + 24.
48
Calculate 159 + (62 - (62 - -37)).
122
Calculate (97 - (59 - -62)) + -36.
-60
What is -33 - -32 - (-22 - (21 - 71))?
-29
Calculate (61 - 38 - -47) + 13 + 20.
103
Calculate 12 - (-30 - (-8 + -109 + 13)).
-62
What is (834 - 714) + -4 + -59?
57
Calculate 11 - (7 + -7 - (15 - 19)) - -1 - -7.
15
12 - (-17 - -20 - (27 - 7))
29
-2 + 32 + 2 - (-100 - -29 - -70)
33
What is the value of -9 + (1 - -2) + 1 + 943 + -1006?
-68
What is 33 + (33 - (-57 - 34)) + -40?
117
What is -39 + -6 + -17 + 41 + -22?
-43
Evaluate (52 - -58 - -44) + -282.
-128
What is 128 + -46 + -11 + -34?
37
Evaluate (16 - 0 - -9) + -12 + 12 - (10 + -1).
16
Evaluate -50 - (23 + -78 - -46).
-41
-25 - (-3 - -1) - (3133 - 3165)
9
What is (30 - -7) + (-26 - -9) + 21?
41
What is -132 - -68 - (-6 + (-27 - -6))?
-37
Calculate -2 - (17 + (12 - 25) + -107 + 19).
82
What is the value of 37 + ((37 - 7) + -36 - 90)?
-59
What is the value of -43 + 0 + 35 - -30?
22
Calculate 39 - ((3 + -24 + 43 - 28) + 1 + -1).
45
2 + 13 - (-16 + 27 + (-15 - -17))
2
Calculate 62 - (-34 + 20 - -16 - -16).
44
What is the value of -27 - (40 - 0 - (-258 + 328))?
3
Evaluate -24 - -72 - (-31 - (-23 - -3)).
59
Calculate -30 - ((-37 - -24) + 14).
-31
What is -22 - (-84 + -74 + 149 - (6 - (2 + -3)))?
-6
Calculate (-51 - 16) + 48 - 15.
-34
What is (-13 - -4 - (10 + -70 + -11)) + -5?
57
Evaluate -2 - 1 - (-119 + 84 - -39).
-7
Calculate (14 - 2) + -6 - -56.
62
39 - 6 - (-191 + 182)
42
What is the value of -19 + -128 - -106 - -64?
23
What is the value of 59 + 20 - -5 - (-34 - -1)?
117
Calculate 0 - -24 - (-84 + 287 + -260).
81
What is the value of -10 + -21 + 8 + 15?
-8
Evaluate 35 - (-4 + (10 - -16) + -10).
23
What is (24 - -1) + -45 + (1 - -4) + (10 - 9)?
-14
(11 - 11 - -7) + (-5 + 34 - -2)
38
Evaluate -80 - -59 - (21 + -76).
34
Evaluate 142 + (118 - (89 + 91)).
80
Evaluate 18 + (-5 - 14) + 35 + (-18 - -6).
22
9 + (-89 - 5 - -59)
-26
Evaluate -27 + (-3 - 5) + (-8 - (9 - 8)).
-44
Calculate (-181 - -157) + (11 - 2) - (23 - -3).
-41
What is 44 - (48 - (-11 + 34))?
19
What is the value of (-38 - (-6 + 13 + 1 + -19)) + 4?
-23
What is the value of 2 + (1 - (1 - (-5 - -66))) + (-210 - -208)?
61
Evaluate (-113 - -26) + 85 - 25.
-27
Calculate -32 - -83 - (6 + -5 + 0 + 2 + 3).
45
What is -20 - ((26 - 14) + 1) - 9?
-42
Evaluate 45 + -59 + -21 - 11.
-46
Calculate (-44 - (20 - (-3 + 139))) + -2 + -15.
55
Evaluate 113 - 151 - (3 + (5 - 11)).
-35
What is -16 + 26 - (-12 - -21) - (1 + 4) - -31?
27
Calculate 10 + -9 + -9 - (-8 - (6 - 10)).
-4
What is the value of 19 + 56 + (-125 - -25)?
-25
What is -1 - 2 - (-6 - -9) - (-22 - 42 - -6)?
52
6 + (31 - 4 - 82) - (-16 - -5)
-38
Evaluate 42 + -47 + 61 + -33.
23
Evaluate (5 + 8 - 52) + 52 - -51.
64
What is the value of 0 + (-9 - -13) + (7 - -2) + -33?
-20
Evaluate 68 + -47 + -21 + (-13 - 2) + 28.
13
What is the value of -9 - (7 + -7 + -6 - (-5 + 2 - -2))?
-4
What is the value of -10 - ((102 - 99) + -9 - (0 + -2))?
-6
What is -26 - (-65 - -51) - (-3 - -52)?
-61
Calculate -2457 - -2512 - (0 - (-1 + -24)).
30
Calculate (609 - 544) + 25 + (6 - 11).
85
What is -97 - -48 - (-1 + 14 + -2)?
-60
(2 + 8 - -6) + -9 - (28 - -60)
-81
Evaluate (16 + (4 - 2) - 121 - (3 - 13)) + -9.
-102
Evaluate 54 + (-24 - 7) - 32 - (17 + (-2 - -4)).
-28
Evaluate 2 + 113 - (4 - 3) - (64 + -28 + -44).
122
19 - ((-41 - -33 - ((-2 - -6) + -16)) + -12)
27
Calculate -5 - -32 - (2 - 6).
31
Calculate -143 + 64 + 4 + -9 + 5 + 6.
-73
Calculate -35 + (-45 + 43 - 44).
-81
(11 + (12 - (64 - 8)) - 